hat is x(d)?
9
Let g(r) be the third derivative of r**5/60 + r**4/6 - r**3/2 + 4*r**2. Determine g(-3).
-6
Let k(c) = -3*c**2 - 7*c - 1. Let y(j) = -j**2 - j - 1. Let g(r) = k(r) - 4*y(r). Calculate g(6).
21
Let b(h) = -h**3 + 6*h**2 + 7*h + 1. Let u be b(7). Let n(z) = 8*z. Let f(s) be the first derivative of -s**2/2 + 6. Let r(y) = 5*f(y) + n(y). Give r(u).
3
Let z(f) be the first derivative of 2 + 1/12*f**4 + 0*f - 1/6*f**3 - 1/30*f**5 + f**2. Let q(o) be the second derivative of z(o). Determine q(1).
-1
Let y = 157 + -154. Let x(g) = -g**3 + 2*g**2 + 2*g + 3. Give x(y).
0
Let q(c) = 3*c + 4. Let z(o) = -o**2 - 16*o - 20. Let h(r) = 11*q(r) + 2*z(r). Determine h(4).
-24
Let p be ((-30)/(-9) + -2)/(10/15). Let i(w) = w**2 - 4*w + 3. Give i(p).
-1
Let p(b) = 32*b + 6 - 13*b - 16*b. Determine p(-4).
-6
Let t be (-4)/10 - 6/10. Let z be (-1 - -1)/(-3) - t. Let b(w) = -z - 2*w + 3*w - w**3 + w**2 - 4*w**3. Calculate b(1).
-4
Let p(w) = -4*w**2 - 8*w. Let f(k) = 5*k**2 + 9*k + 1. Let y(i) = -3*f(i) - 4*p(i). Determine y(-5).
-3
Let u = -11 - -14. Let l(f) = -3*f**3 - f**2 - 11*f + 8. Let n(h) = 2*h**3 + 6*h - 4. Let v(z) = 3*l(z) + 5*n(z). Give v(u).
-5
Suppose l + 1 = 3, i - 4*l + 7 = 0. Suppose -5*n + 19 = 4*h - i, -3*h - 3*n + 12 = 0. Let k(z) = -z**2 + z + 6. Calculate k(h).
6
Let x(t) = -5*t - 11. Let d be x(0). Let a(f) = -f - 7. Give a(d).
4
Let d = 6 + -4. Let i(k) = -2*k**2 + k**d + 7 + 4. Give i(0).
11
Let i(y) = 2*y - 7. Let f(z) = z**2 - 5*z - 1. Let n(o) = o**3 + 2 - 2*o + 3*o**2 + 0*o**2 - 3*o. Let s be n(-4). Let a be f(s). Give i(a).
3
Let n(u) = -2*u**2 + 2*u + 2. Let d(k) = k**2 - 9*k + 3. Let w be d(9). Determine n(w).
-10
Let h(r) = -16*r - 7. Let b(p) = 15*p + 6. Suppose 0 = -2*c + 5*c + 18. Let t(d) = c*b(d) - 5*h(d). Calculate t(-1).
9
Let g(b) = b - 1. Let i(m) = -m - 3. Let o be i(-5). Suppose 3*a = -o*a. Let d be (-1)/(-2)*(0 + a). Determine g(d).
-1
Suppose -4*j - 5*n = -6*j - 5, 5*j + 2*n - 31 = 0. Let a(o) be the first derivative of -o**2/2 + 9*o + 2. Determine a(j).
4
Let z(t) = t**3 + 3*t**2 - t + 4. Let j be (2 - -1) + 7/(-7). Suppose a = -2*v - j, 26 = -2*v + 7*a - 2*a. Calculate z(v).
7
Let y(v) = 2*v - 1. Suppose -2 = 2*p - 8. Suppose 2*i + p*i = -15. Determine y(i).
-7
Let z(s) = -s + 7. Let u(c) = -1. Let r(g) = -18*u(g) - 2*z(g). Suppose 2*p + 4*w = 8, 3*p - 4*w - 7 = -45. Calculate r(p).
-8
Let j(v) = -v**3 - v - 8. Let i(a) = a**2 + 4*a + 2. Let w be i(-4). Suppose 2*m + 8 = 6*h - w*h, -5*h + 10 = 2*m. Calculate j(m).
-8
Let h(n) = 0 + 4 - 5*n + 4*n - 2*n. Let t(f) = -2*f + 3. Let d(s) = -3*h(s) + 4*t(s). Suppose -10 - 14 = 4*r. Calculate d(r).
-6
Let y(p) = 2*p**2 - 3*p - 4. Let f(k) = -5*k**2 + 7*k + 8. Let o(a) = -3*f(a) - 7*y(a). What is o(0)?
4
Suppose -4*r + v = -5, -23 = -5*v - 8. Let s(t) = -1 + t + 0 - r*t**3 + 3*t**3. Let q(p) = -2*p + 29. Let w be q(14). Calculate s(w).
1
Let o(j) = 3*j**3 + 10*j**2 - 3*j + 17. Let d(u) = 3*u**3 + 4*u - 8*u**3 - 26 + 0*u - 15*u**2. Let m(g) = 5*d(g) + 8*o(g). Give m(4).
6
Let f(n) be the first derivative of n**3/3 + 4*n**2 + 7*n - 1. Let c be (-8)/(-2)*22/4. Suppose 5*j + 8 = -c. Give f(j).
-5
Let n(u) = -u - 12. Let r(b) = 2*b + 26. Let q(l) = -7*n(l) - 3*r(l). Calculate q(-6).
0
Let s(o) = o - 1. Let p(k) = -7*k + 2. Let w(d) = -p(d) - 4*s(d). Let i(m) = -m - 1. Suppose -v - 6 + 5 = 0. Let b(j) = v*w(j) - 2*i(j). Give b(-1).
1
Let y = 28 - 21. Let o(r) = 6*r - 5. Let x(c) = 3*c - 2. Let q(u) = y*x(u) - 3*o(u). Give q(1).
4
Suppose -4*w + 2 = -2*u - 2*w, 0 = -5*u + 2*w + 7. Let t(d) = -2*d - 2*d + 2*d**2 - u*d**2 - d. Determine t(-5).
0
Let t = -21 + 25. Suppose -5*a = t*j + 19, 5*j + 7*a = 4*a - 14. Let p(x) = 4*x**3 - 1. Calculate p(j).
-5
Let m(a) = a - 4. Let h = -2 - -5. Give m(h).
-1
Let u = 0 + 4. Suppose u*c - 6 = c. Let v(x) = -x. What is v(c)?
-2
Let a(k) = -1 + 2*k - 3*k**2 - 6*k**2 + 0*k**2. Let g = -3 - 0. Let j be (-2)/g*3/2. Give a(j).
-8
Let o(r) = 11*r**2 + 3*r + 9. Let b(l) = -l. Let h(j) = 2*b(j) + o(j). Let c(q) = 5*q**2 + 4. Let t(y) = 7*c(y) - 3*h(y). What is t(2)?
3
Let b = -12 + 6. Let m(u) = -u**3 - 7*u**2 - 6*u - 2. What is m(b)?
-2
Suppose 3*l - 17 = -2. Let c(b) = 7 + 4*b**2 - 5*b**2 + 2*b**2 - 4*b - 5. Calculate c(l).
7
Suppose 0 = 4*u + 8 - 4. Let i(n) = n. Let x(s) = 14*s + 1. Let b(t) = -6*i(t) + x(t). Give b(u).
-7
Let l(m) = -2*m - 14. Let a be l(-10). Let o be (-2)/6 + (-4)/a. Let y(h) = -h**3 - h + 2. Let b(k) = 2*k**3 + 2*k - 5. Let s(v) = 3*b(v) + 7*y(v). Give s(o).
1
Suppose -4*m - 3 = 13. Let w(y) = -y - 5. Give w(m).
-1
Let g(o) = -o**2 - o + 3. Let k(f) = 0*f + f - 5 + 1. Let j be k(4). Suppose j = -3*x + 8*x. Calculate g(x).
3
Suppose -t + 2*z + 2 = -0*z, 4*t = z + 8. Let l(g) be the first derivative of -t*g - 1/2*g**2 + 1. What is l(-4)?
2
Let c(b) = b**3 + 9*b**2 + 9*b + 6. Let m be c(-8). Let k(j) = j**2 - j - 1. Calculate k(m).
5
Let c be (1 + -4)/(6/(-8)). Let x(f) = 10*f**3 - 9*f**3 + c*f**3 + f. Give x(-1).
-6
Let a(r) be the first derivative of 3/2*r**2 + r + 6 - 1/3*r**3. Calculate a(3).
1
Let l(j) be the first derivative of j**3/3 - 3*j + 2. Let y(i) be the first derivative of l(i). Calculate y(-4).
-8
Suppose u + 9 = 3*x, -4*x = -2*u + 6*u - 44. Let m(f) = 2*f - 8. What is m(u)?
4
Let o(b) = 10 - 14 - 2*b + 4*b. Give o(3).
2
Let t(v) = 3*v - 6. Suppose -10 = 3*o - 1. Let k = o - -7. What is t(k)?
6
Let c(f) = -f - 1. Let v(s) = 7*s + 2. Let k(o) = 6*c(o) + v(o). Let q be (10 - -2)*((-15)/9)/5. Give k(q).
-8
Let a(g) = -4*g - 1. Let w be a(-1). Suppose -4*o = w*y - 6 - 3, -3*o - 9 = 0. Let u be (-4)/(-14) + 19/y. Let b(z) = -z**3 + z**2 + 3*z + 4. Determine b(u).
-5
Let o(c) = 2*c + 11. Let f(v) = v + 10. Let i(r) = 4*f(r) - 3*o(r). Let z be ((-75)/(-2))/5*(-4)/(-5). Give i(z).
-5
Let h(m) = -11*m**3 + 4*m**3 + 4*m**3 - m**2 + 2*m - 4*m**3 - 1. What is h(1)?
-7
Suppose 0 = -0*x - 3*x + 9. Let t(q) = -q**2 - 2 + 2*q + x*q + q - 2*q. Let w be 0 - ((-5)/1)/1. What is t(w)?
-7
Let a = -42 + 38. Let k(n) = 4 - 3 - 2*n - 2. Determine k(a).
7
Let x(c) = c**3 - 4*c**2 - 5*c - 1. Let o = 11 + -6. Let v be x(o). Let i(a) = -3*a - 1. Give i(v).
2
Suppose 3*q - 4*o - 4 = 0, 3*q + 2*o = 5*q - 4. Let n(h) = 1 + 0*h - 2 + 2 - h. Determine n(q).
-3
Let n(c) = 7*c**3 + 12*c**2 + 6*c - 12. Let k(g) = 3*g**3 + 6*g**2 + 2*g - 6. Let y(x) = 5*k(x) - 2*n(x). Let o be -1 - (4 + 1 + 0). Calculate y(o).
6
Let w(i) = 2*i - 5. Let p(j) be the third derivative of j**5/3 - j**4/24 + 3*j**2. Let b be p(-1). Suppose -4 - b = -5*d. Give w(d).
5
Let y be (-1 - 0)*(7 - 9). Let o(x) be the second derivative of 0 - 2*x + 0*x**y + 1/2*x**3. What is o(1)?
3
Suppose 0 = -f + 9*f - 40. Let g(b) = b**2 - 6*b + 4. Calculate g(f).
-1
Let p(o) = -13*o. Suppose 0 = k - 7 + 8. Determine p(k).
13
Let w(m) be the third derivative of -m**6/120 - m**5/20 - m**4/24 + m**3/3 + 3*m**2. Let h be w(-2). Let f(j) = 3*j + h - 2*j + 4. Give f(-3).
1
Let k be -2 + -1 + 2 + 4. Let p(s) = 0*s**2 + s**k + 3 - 6*s**2 - s**2 + s**2 + 4*s. Determine p(5).
-2
Suppose 2*i = 7 - 3. Let a(r) = -i - 2 - r - 2. Let l = -155 + 152. Determine a(l).
-3
Let g = -1 + -2. Let b(o) = 16*o**3 + 10*o**2 - 25*o - 31. Let r(m) = -3*m**3 - 2*m**2 + 5*m + 6. Let v(d) = 2*b(d) + 11*r(d). Calculate v(g).
-2
Let p = -2 + 7. Suppose 2*x = p*x - 6. Let v(d) = 3*d + 1. What is v(x)?
7
Let k(p) = 5*p**2 + p - 1. Let r(j) = -j**2 - 7*j - 5. Let q be r(-5). Suppose -b + 2 = 0, 5*m + q = -b + 12. Give k(m).
5
Let r(g) = 2*g + 4*g**2 + g**3 + g + 0*g + g + 4. What is r(-3)?
1
Let d(v) = 3*v**2 + v + 5. Let q(t) = -5*t**2 - 2*t - 10. Let p(r) = 7*d(r) + 4*q(r). Let x be -5 - -4 - (-1 - 0). Give p(x).
-5
Let v(g) = -7*g**3 - g**2. Let j be v(-1). Let h(r) = -1 + 4*r - j*r - r. Let q = 2 + -1. Calculate h(q).
-4
Let g(z) = -3*z + 129 - 2*z - 132. Suppose -4*b + 2*b = y, 2*y + 5*b = -1. Suppose -5*w = 2*i + 12, y*i + 12 = -4*w - 2*i. What is g(w)?
7
Let l(v) be the second derivative of 2*v - 1/2*v**3 + 0 - v**2 - 1/12*v**4. Suppose -u - 24 = 2*u - 5*t, t + 6 = -3*u. Calculate l(u).
-2
Let n(r) = -r**2 - 5*r + 7. Let y be n(-6). Suppose 0 = -l - 2*l + 15. Let k(c) = -l*c + c + 2*c. What is k(y)?
-2
Let f = 7 - 3. Let g = 7 - f. Let w(h) = 2*h + 1. Determine w(g).
7
Let t(c) = c**2 + 4*c. Let f = -3 - 1.